f 80 and 145?
5
Calculate the greatest common divisor of 1 and 619.
1
What is the greatest common divisor of 21 and 63?
21
What is the greatest common divisor of 14 and 10542?
14
Calculate the highest common divisor of 11929 and 237.
79
Calculate the highest common divisor of 10 and 1930.
10
What is the highest common divisor of 22 and 22?
22
What is the highest common divisor of 935 and 2365?
55
What is the greatest common factor of 483 and 21?
21
What is the highest common divisor of 3125 and 125?
125
Calculate the highest common factor of 26440 and 160.
40
What is the greatest common divisor of 183 and 61?
61
Calculate the greatest common factor of 3275 and 524.
131
What is the greatest common factor of 57 and 30?
3
Calculate the greatest common factor of 276 and 156.
12
What is the greatest common divisor of 6540 and 120?
60
What is the highest common divisor of 25 and 670?
5
Calculate the greatest common divisor of 90 and 1830.
30
What is the highest common factor of 69 and 6?
3
Calculate the greatest common divisor of 2976 and 186.
186
What is the highest common divisor of 408 and 102?
102
What is the greatest common factor of 480 and 15?
15
Calculate the greatest common divisor of 27195 and 37.
37
What is the highest common divisor of 688 and 43?
43
Calculate the greatest common factor of 2368 and 192.
64
Calculate the highest common divisor of 120 and 1272.
24
What is the greatest common factor of 9392 and 16?
16
What is the highest common divisor of 80 and 580?
20
Calculate the highest common divisor of 44 and 3058.
22
What is the highest common divisor of 871 and 67?
67
What is the highest common divisor of 133 and 28?
7
What is the greatest common divisor of 187 and 119?
17
Calculate the greatest common divisor of 161 and 529.
23
Calculate the highest common divisor of 125 and 3475.
25
Calculate the highest common divisor of 45 and 60.
15
Calculate the highest common factor of 1424 and 16.
16
Calculate the highest common divisor of 13 and 767.
13
What is the greatest common factor of 966 and 14?
14
What is the highest common factor of 106 and 3869?
53
Calculate the greatest common divisor of 33 and 2893.
11
Calculate the highest common factor of 70 and 460.
10
Calculate the greatest common divisor of 138 and 736.
46
Calculate the highest common factor of 88 and 3949.
11
Calculate the highest common divisor of 438 and 5913.
219
What is the highest common factor of 1584 and 2288?
176
Calculate the highest common factor of 54 and 4842.
18
Calculate the greatest common factor of 128 and 17.
1
What is the greatest common divisor of 12 and 6?
6
Calculate the highest common factor of 62 and 31.
31
Calculate the greatest common divisor of 15 and 120.
15
What is the greatest common divisor of 23 and 29141?
23
Calculate the highest common divisor of 576 and 162.
18
Calculate the greatest common factor of 464 and 1363.
29
Calculate the greatest common factor of 778 and 6.
2
What is the greatest common factor of 153 and 225?
9
What is the greatest common divisor of 342 and 380?
38
What is the greatest common divisor of 9112 and 136?
136
What is the highest common factor of 72 and 2169?
9
What is the greatest common factor of 1869 and 168?
21
What is the highest common divisor of 3 and 13569?
3
Calculate the greatest common factor of 4 and 193.
1
Calculate the greatest common divisor of 68 and 731.
17
What is the greatest common factor of 4 and 120?
4
What is the highest common factor of 288 and 180?
36
What is the highest common factor of 12 and 7044?
12
Calculate the highest common factor of 8 and 3.
1
Calculate the greatest common divisor of 196 and 11564.
196
What is the highest common divisor of 3501 and 279?
9
Calculate the highest common factor of 99 and 165.
33
Calculate the highest common factor of 44 and 12.
4
What is the greatest common divisor of 81 and 63?
9
Calculate the greatest common factor of 414 and 345.
69
Calculate the greatest common factor of 508 and 22606.
254
Calculate the greatest common divisor of 22 and 10.
2
Calculate the highest common factor of 48 and 5968.
16
Calculate the greatest common factor of 107 and 1391.
107
What is the highest common factor of 53 and 2?
1
Calculate the greatest common factor of 2369 and 515.
103
Calculate the greatest common factor of 25009 and 89.
89
Calculate the highest common factor of 46 and 414.
46
What is the highest common divisor of 832 and 64?
64
Calculate the highest common factor of 3 and 249.
3
Calculate the highest common factor of 18 and 102.
6
What is the highest common factor of 33376 and 224?
224
Calculate the greatest common factor of 276 and 24.
12
What is the greatest common factor of 520 and 35620?
260
What is the greatest common divisor of 288 and 540?
36
Calculate the highest common divisor of 4964 and 68.
68
What is the highest common divisor of 39824 and 32?
16
What is the greatest common factor of 84 and 3150?
42
What is the greatest common factor of 6900 and 84?
12
What is the greatest common divisor of 7947 and 9?
9
What is the highest common divisor of 1827 and 3393?
261
What is the highest common factor of 138 and 54?
6
What is the greatest common divisor of 21 and 17?
1
Calculate the highest common divisor of 1810 and 60.
10
What is the highest common divisor of 144 and 90?
18
What is the highest common factor of 1428 and 1260?
84
Calculate the greatest common factor of 33 and 11.
11
What is the greatest common divisor of 40 and 1728?
8
What is the greatest common divisor of 31 and 341?
31
What is the greatest common factor of 517 and 121?
11
Calculate the highest common factor of 276 and 12.
12
What is the highest common factor of 22 and 275?
11
What is the highest common divisor of 172 and 301?
43
What is the greatest common factor of 11 and 1969?
11
Calculate the highest common divisor of 66 and 9999.
33
What is the greatest common divisor of 6193 and 11?
11
What is the highest common divisor of 1156 and 544?
68
What is the highest common divisor of 174 and 978?
6
What is the highest common divisor of 47 and 4?
1
Calculate the highest common factor of 45 and 3125.
5
What is the greatest common divisor of 56 and 16?
8
Calculate the greatest common factor of 20 and 1060.
20
Calculate the greatest common factor of 16379 and 11.
11
What is the highest common factor of 252 and 108?
36
What is the highest common divisor of 1 and 7?
1
Calculate the greatest common factor of 6688 and 456.
152
Calculate the greatest common factor of 10 and 62.
2
What is the greatest common divisor of 2240 and 105?
35
What is the greatest common divisor of 35 and 6335?
35
Calculate the highest common factor of 71 and 5112.
71
Calculate the highest common factor of 11 and 4873.
11
What is the highest common divisor of 66 and 55?
11
Calculate the greatest common divisor of 608 and 14.
2
What is the greatest common factor of 2124 and 198?
18
Calculate the highest common factor of 187 and 25619.
187
Calculate the greatest common divisor of 150 and 2070.
30
Calculate the highest common divisor of 26715 and 195.
195
Calculate the highest common divisor of 812 and 980.
28
What is the highest common factor of 171 and 361?
19
Calculate the highest common factor of 153 and 207.
9
What is the highest common divisor of 96 and 488?
8
Calculate the highest common divisor of 22796 and 164.
164
What is the greatest common divisor of 612 and 36?
36
What is the highest common divisor of 147 and 42?
21
Calculate the highest common divisor of 120 and 300.
60
Calculate the highest common divisor of 186 and 1953.
93
What is the highest common factor of 66 and 10?
2
What is the highest common divisor of 224 and 128?
32
Calculate the highest common divisor of 5304 and 1404.
156
What is the highest common divisor of 192 and 5592?
24
What is the highest common factor of 111 and 444?
111
Calculate the highest common divisor of 2624 and 820.
164
Calculate the highest common factor of 352 and 132.
44
Calculate the greatest common factor of 240 and 320.
80
Calculate the greatest common divisor of 511 and 292.
73
Calculate the highest common divisor of 27960 and 30.
30
Calculate the highest common factor of 52 and 13.
13
Calculate the highest common factor of 1066 and 82.
82
What is the highest common divi